(-4)/6?
13
Let m(i) = 8*i + 31. List the prime factors of m(19).
3, 61
Suppose -5*f + 13 = -17. Let h be -17 + -3*(-2)/f. Let y = -14 - h. List the prime factors of y.
2
Suppose 6*q - 821 - 505 = 0. Let l = q + -152. What are the prime factors of l?
3, 23
Suppose -2 = -3*w + 16. Suppose -t = -w*t + 35. Suppose -2*x + 3 = 2*c + t, 0 = -c + 4*x + 23. What are the prime factors of c?
3
Let m be 3 - 25/5 - (-58 + 0). What are the prime factors of (m/20 + 2)*5?
2, 3
Suppose -f = f - 4. Suppose -c = f*c - 99. Suppose 0 = -a + 4*d + 16 + c, 0 = -a - 3*d + 63. What are the prime factors of a?
3, 19
Let r(t) = -29*t + 2. Let s be r(-5). Suppose -29*k = -32*k + s. What are the prime factors of k?
7
Let u = 2194 + -849. List the prime factors of u.
5, 269
Let h be (-12)/(2 + (-7)/2). Suppose -2*b + 4*y - h = 8*y, -3*y - 12 = 0. Suppose -110 = -b*c - 34. List the prime factors of c.
19
Let d be (4/(-4) + 2)/1 - 11. List the prime factors of (8/6)/(d/(-1815)).
2, 11
Suppose -1438 = r - 4019. What are the prime factors of r?
29, 89
Let o(m) = 13*m**2 + 4*m**3 - 14*m - 8 - 3*m**3 - 3*m**2 + m. What are the prime factors of o(-10)?
2, 61
Let l = 10 + -13. Let u be 1*l + 14 + -12. What are the prime factors of (u - 5)*(-7)/21?
2
Suppose -3*t + 30 = 4*c + 3, -2*c = -2*t + 4. Suppose 40 = 2*j + 3*j. Suppose 4*r + 68 = 2*l, -c*r - 71 = -4*l - j*r. What are the prime factors of l?
2, 3
Let k = -27 - -29. Suppose 4*y + x = 365, -k*x + 190 = 2*y - 0*x. List the prime factors of y.
2, 3, 5
Suppose 4*s - 165 - 1415 = 0. List the prime factors of s.
5, 79
Suppose -4*y + 6 = -y. Suppose y*u = 10, -4*u + 3*u = -5*d + 320. What are the prime factors of d?
5, 13
Suppose 2*j - 7*j + 1311 = 2*h, -5*h = -15. List the prime factors of j.
3, 29
Let k(l) = -l - 12. Let z be k(-13). Let o = z + 1. What are the prime factors of -19*o/2*-1?
19
Let i(o) = -2*o + 12. Suppose 4*u - 40 = 4*a, u - 14 = -4*u - 4*a. Let c be i(u). Suppose c = -6*d + 12 + 12. List the prime factors of d.
2
Let r(u) = u**3 + 2*u**2 - 3*u - 3. Suppose -4*s + 8*s = 3*y + 1, 5*s + 22 = -4*y. Let a be r(y). Let v = 8 - a. What are the prime factors of v?
11
Suppose 4*z + 0*o - 89 = -3*o, z - 1 = -5*o. What are the prime factors of z?
2, 13
Suppose 40*o - 47*o = -9198. List the prime factors of o.
2, 3, 73
Let b be 7/(-35) - (-2898)/15. Let s = -15 + b. What are the prime factors of s?
2, 89
Let l = 192 + 541. List the prime factors of l.
733
Let f(t) = t**2 + 2*t - 5. Let u be 1045/25 - 1/(-5). Let w be u/(-8) - (-6)/(-8). What are the prime factors of f(w)?
19
Suppose 3*y + 70 = 13. What are the prime factors of 132*(1 - -5)*y/(-76)?
2, 3, 11
Let t = 2236 - 304. What are the prime factors of t?
2, 3, 7, 23
Suppose -4*k = 3*s - 49, -3*s - 2*k - 56 = -5*s. Suppose 0 = -20*n + s*n - 114. What are the prime factors of n?
2, 19
Suppose 4*w = 5*b - w - 10, 2*b - 4 = 4*w. Let n(t) = t**2 + 5*t - 1. List the prime factors of n(b).
13
What are the prime factors of 1/((-187)/(-178602)) - 1/11?
5, 191
Suppose 269*u + 675 = 264*u. Let w = -16 - u. What are the prime factors of w?
7, 17
What are the prime factors of 59644/91 - (-12)/21?
2, 41
Suppose -4*p - 4 = -6*p. Suppose -p*o + 18 = -38. Let t = o + -3. List the prime factors of t.
5
Let y(h) = 0 + 3 + 3*h - 2*h - 8. Let o be y(8). Suppose -2*r = -g - 2*g + 49, -4*r + 37 = o*g. What are the prime factors of g?
3, 5
Suppose -3*c + 4*v + 224 = 75, -5*c + 229 = 3*v. Suppose -3*t = -5*w + c, 0 = 4*w - 3*t - 3 - 37. Suppose w - 28 = -3*z. What are the prime factors of z?
7
Let c = -7835 - -11087. What are the prime factors of c?
2, 3, 271
Let v(x) = 4*x + 42. Let b be v(-10). Suppose 3*s + b*j - 4*j = 338, -3*s = 2*j - 322. List the prime factors of s.
2, 5, 11
Let n = -298 - -509. List the prime factors of n.
211
Suppose 0 = 4*u - 2*u - 10. Suppose -168 = -8*y + u*y. Suppose -5*q + 7*q = y. List the prime factors of q.
2, 7
Let j = 100 - 185. Let o = j + 133. What are the prime factors of o?
2, 3
Let j = -10 - -14. Let w = j + -4. Suppose w*k = -k + 30. List the prime factors of k.
2, 3, 5
Let q(m) be the second derivative of -3*m**5/40 - m**4/8 + m**3/3 + 4*m. Let y(a) be the second derivative of q(a). What are the prime factors of y(-2)?
3, 5
What are the prime factors of (-886)/(-5) - -5*(-8)/200?
3, 59
Suppose -5079 = -3*l + 3*x, -69*l + 67*l + 3368 = 4*x. What are the prime factors of l?
2, 5, 13
Let b be (-1)/(1620/812 - 2). Let c = -137 + b. List the prime factors of c.
2, 3, 11
Let u(l) be the second derivative of -5*l**3/6 - 4*l**2 - 9*l. Let h be u(-5). Let q(f) = f**3 - 17*f**2 + 3*f - 11. List the prime factors of q(h).
2, 5
List the prime factors of 8/(-10) - (-16212)/140.
5, 23
Suppose 1396 + 1502 = 7*a. List the prime factors of a.
2, 3, 23
Let y = -79 + -28. Let b = 181 + y. List the prime factors of b.
2, 37
Suppose 824 = 19*z - 1076. List the prime factors of z.
2, 5
Let p(c) = -c**3 - 4*c**2 - 5*c - 4. Let w be p(-2). List the prime factors of w*5/((-20)/66).
3, 11
Let z = 818 + -555. List the prime factors of z.
263
Suppose -4*w - 5 = w. What are the prime factors of w/(2 + 89/(-44))?
2, 11
Let b(w) be the first derivative of w**2/2 - 2*w - 1. Let v be b(7). Let u(r) = r**2 + 2*r - 6. What are the prime factors of u(v)?
29
Let n(g) = -g - 8. Let m be n(0). Let p be ((-16)/(-20))/(m/(-20)). Suppose -30 = -k - s, 5*k + 2*s = p*k + 89. List the prime factors of k.
29
Let f(o) = -6*o + 542. What are the prime factors of f(62)?
2, 5, 17
Suppose 122 = 2*l - 674. List the prime factors of l.
2, 199
What are the prime factors of (-1)/((-9)/7659) - -8?
859
Let n = -18 - -14. Let y = 17 + n. Suppose 5*l - y - 7 = 0, -4*l - 72 = -2*p. List the prime factors of p.
2, 11
Let g(q) = 8*q + 0 - q**2 + 6 - 2. Let d be g(8). Suppose -d*p + 9*p = 120. What are the prime factors of p?
2, 3
List the prime factors of 2744/3 + (-92)/138.
2, 457
Suppose -f - 4*f + 30 = 0. Suppose w = f*w - 330. What are the prime factors of w?
2, 3, 11
Let p = -9 - -11. Let b(h) = -p + 2*h - h**3 + 1 + 5*h**2 - 9*h**2 - 6*h. List the prime factors of b(-3).
2
Suppose -3*x = 4*i - 33, -3*x + 36 = -2*i + 5*i. Let h be ((-9)/x)/((-2)/10). Suppose -4*g + 42 = -h*g. What are the prime factors of g?
2, 3, 7
Let j(b) = -356*b - 638. What are the prime factors of j(-15)?
2, 2351
Suppose 0 = j - 4*j + 81. Suppose 1530 = 32*z - j*z. List the prime factors of z.
2, 3, 17
Let d = 14 - 14. Suppose -3*l + 2*l = d. Suppose 0 = 4*r - l*r - 20. What are the prime factors of r?
5
Suppose -39*r + 8*r + 37417 = 0. What are the prime factors of r?
17, 71
Let o(v) be the first derivative of v**4/4 + 8*v**3/3 - 11*v**2/2 - 10*v + 36. Suppose -4*k + 7 = 43. What are the prime factors of o(k)?
2
Suppose -4*l + 6 = -2. Let y(m) = -m + l*m**2 - 5*m - 2 + 5. What are the prime factors of y(5)?
23
Let j(i) = 25*i**2 - 2*i - 3. Let q = 16 + -16. Let s = -1 - q. What are the prime factors of j(s)?
2, 3
Let m = 68 - 48. Let c = m - 18. Let k(g) = 2*g + 8. What are the prime factors of k(c)?
2, 3
Suppose -r - 3*q = -5*r + 229, -211 = -4*r - 3*q. Let o = r - -9. Let i = o + -42. List the prime factors of i.
2, 11
Suppose -1728 = 3*u - 9*u. Suppose 0 = 3*q - u - 297. List the prime factors of q.
3, 5, 13
Let w = -12 + 23. Let s(v) be the first derivative of -v**3/3 + 6*v**2 + 4*v - 2. List the prime factors of s(w).
3, 5
Let i(d) = -13*d**3 + 2*d**2 - 11*d - 2. What are the prime factors of i(-4)?
2, 3, 151
Let x(d) = 3*d - 4. Let i be x(3). Suppose 539 - 219 = i*n. List the prime factors of n.
2
Let y be (12/4 + -4)*-2. Let c be 5478/21 + y/14. Let d = -184 + c. List the prime factors of d.
7, 11
Let p(j) = -j**3 + 22*j**2 - 29*j + 3. List the prime factors of p(20).
223
Let p = -353 + 636. List the prime factors of p.
283
List the prime factors of -1*2*((-24480)/(-15))/(-17).
2, 3
Let f(i) = -i**3 - i**2. Let h(t) = -2*t**3 - 4*t**2 + 2*t - 5. Let a(w) = -5*f(w) + h(w). List the prime factors of a(3).
7, 13
Suppose f + 82 = 5*v, -2*v + f - 5*f + 24 = 0. Suppose -2*k + v = 2*k. List the prime factors of 30/k*(-20)/(-6).
5
Suppose -5*n - 11 = -3*m - 3*n, -4*m + 4*n = -20. Suppose m - 11 = -2*d. Suppose -2*z + 3*z = -d*w + 13, z - 5 = -w. What are the prime factors of z?
3
Suppose -1192 = -979*b + 971*b. List the prime fact